u(-2)?
-1
Let f(u) = u**3 - 8*u**2 - u + 11. Let z be f(8). Let v(o) = -o**3 - 2*o**2 - o**3 + 1 - 4*o**z. Let w be v(-1). Let g(k) = k**2 - 5*k + 1. Give g(w).
1
Suppose -2*q = -3*c + 13, 1 + 1 = 2*q. Let b(a) = a**2 - 7*a + 4. Determine b(c).
-6
Let i(j) = -j**2 - 3*j + 2. Let y(m) = -m. Let g(x) = -i(x) - 2*y(x). Determine g(-4).
-6
Let x be 0/(-2) + 5/15. Let f(w) be the first derivative of 3 - 3/2*w**2 - 2*w + x*w**3. Give f(4).
2
Let j be 6/(-8) - (-217)/28. Let x(m) be the second derivative of m**3/3 - 9*m**2/2 + 8*m. Determine x(j).
5
Let c(v) be the second derivative of 2*v + 1/60*v**5 + 1/8*v**4 + 1/2*v**2 - 7/6*v**3 + 0. Let u(f) be the first derivative of c(f). Calculate u(-5).
3
Let p(s) = -s**3 - 7*s**2 - 6*s - 7. Let j(x) = -x - 9. Let z be j(-3). Determine p(z).
-7
Let h(b) = -3*b - 4. Let p be -3*1*(-4)/(-4). Let y be h(p). Let d(f) = -f**2 + 7*f - 7. Give d(y).
3
Let n(v) = 7*v**2 - 3*v - 5. Let x(q) = -8*q**2 + 3*q + 6. Let h(g) = 6*n(g) + 5*x(g). Determine h(2).
2
Let c be 6 + -1 + -1 + 0. Let j(i) be the third derivative of -1/6*i**3 - 1/24*i**4 + 0 + 3*i**2 + 0*i. Give j(c).
-5
Let s = -19 - -31. Let o(j) = -3*j**2 - s*j**3 + 6*j**3 + 2*j + 5*j**3 - 3. What is o(-4)?
5
Let j = 12 + -7. Suppose -3*b = -j*a + 17 - 0, -5*a - b + 21 = 0. Let g(c) = -c**2 + 2*c + 1. What is g(a)?
-7
Let i(c) be the first derivative of -2*c**3/3 - 3*c**2/2 + 4. Calculate i(-3).
-9
Let t be 48/(-6)*(-3)/6. Let y(l) = l**2 - 7*l + 4. Give y(t).
-8
Let t(k) = k**3 + 7*k**2 - k - 6. Let x(l) = -l - 15. Let g be x(-8). Calculate t(g).
1
Let n = 7 - 33. Let a = n + 36. Let q(f) = -a - f + 10 - 3*f**2. What is q(1)?
-4
Let n(q) = q**3 + 3*q**2 - 2*q - 3. Let j be n(-3). Let o(x) = -2*x**3 - j*x**3 + 1 - 2. Calculate o(-1).
4
Let b(q) = -5*q**2 - 2*q - 1. Let a be 1/1 - (1 + 0). Suppose a = -t + 1 + 9. Let n be (-4)/(-6)*(-15)/t. Calculate b(n).
-4
Let c(s) = 2*s - 2. Suppose 40 = 3*d + 4. Suppose l = -3*m + d, -3*m + l + 30 = -4*l. Determine c(m).
8
Let o(b) = b**3 - 4*b**2 - 4*b - 4. Let a(n) = n**3 - 6*n**2 + 3*n - 13. Let u be a(6). What is o(u)?
1
Let u(r) = -2*r + 8. Let h = 7 - 5. Suppose 7*x - h*v - 24 = 2*x, -4*x - v = -27. Calculate u(x).
-4
Let l = 67 + -77. Let j(w) = w**2 + 9*w - 12. What is j(l)?
-2
Let p(a) = -6*a**3 - 3*a**2 + 4*a + 4. Let c(u) = -13*u**3 - 5*u**2 + 7*u + 7. Let x(z) = -3*c(z) + 5*p(z). Let i = -3 + 2. Calculate x(i).
-9
Let l(i) = i**3 + 7*i**2 - i - 9. Let b(c) = -2*c**3 - 8*c**2 + 2*c + 10. Let y(s) = -2*b(s) - 3*l(s). Let o be (-10)/((-2)/(-2) - 3). Determine y(o).
2
Let t(s) = 2*s + s - s**2 + 12 + 0*s - 4*s. Suppose -2*o = 2*o - 8. Suppose o*p = -p. What is t(p)?
12
Let m(b) = b - 1. Let s(l) = 4*l**3 + 2*l**2 - 3*l + 1. Let f be s(1). Calculate m(f).
3
Let u(c) = c**3 - 2*c**2 + 3*c. Let b = 9 + -9. Let g(j) = 0*j**2 - 5*j + b*j - 2*j + 2 - j**2. Let z be g(-7). Calculate u(z).
6
Let h(b) = b**2 - 2*b - 1. Let j be h(3). Let k(o) be the first derivative of 5*o**2/2 - 3*o + 3. Calculate k(j).
7
Let o(i) = 2*i + 8*i - 7 + 29*i**2 + 32*i**2 - 62*i**2. Calculate o(6).
17
Let f = -4 + 3. Let r(p) = -6*p**2 - 1. Let i be r(f). Let b(z) = -4*z - 2. Let s(y) = 3*y + 1. Let q(x) = i*s(x) - 5*b(x). Calculate q(4).
-1
Let u be -3 - -1*(-2 - 1). Let b(f) = 3*f + 21. Let i(r) = -r - 7. Let l(n) = -2*b(n) - 7*i(n). Calculate l(u).
1
Let n(s) be the first derivative of 3*s - 2/3*s**3 + 1 - 1/4*s**4 + 2*s**2. Suppose -22*r - 60 = -2*r. Determine n(r).
0
Let p = 9 + -8. Let h be (-7 - -1)/(-2*p). Let i(f) = -f**3 + 3*f**2 + 2. What is i(h)?
2
Let b(n) = 3*n + 1. Let z(r) = r**3 - 2*r**2 - 7*r - 5. Let d be z(4). Give b(d).
-2
Let h(p) = -1 + 5*p + 4 + 34*p**2 - p**3 - 35*p**2. Give h(-3).
6
Let s(z) = -9*z + 2. Let f = 0 + -5. Let c(v) = 13*v - 3. Let o(u) = f*c(u) - 8*s(u). Give o(1).
6
Let c(n) be the second derivative of 5/6*n**3 + 3*n - 7/2*n**2 + 0 - 1/20*n**5 - 5/12*n**4. What is c(-6)?
-1
Let g(u) = -4 + 1 + u + 2. Let f be (5 - (-4)/(-2))*1. Let o = 0 + f. Give g(o).
2
Let d(r) be the third derivative of r**5/30 - r**4/24 + 5*r**2. Let m be d(1). Let x(v) = 6*v - 1. What is x(m)?
5
Let r(a) = 9*a**3 - a**2 - a + 1. Suppose -o + 7 = 2*z - 0, 3*z + 22 = 5*o. Calculate r(z).
8
Suppose 8*a - 4*a = 12. Let r(c) = -a*c**3 + 4*c**2 + 4*c + 10 - 7 + 2*c**3. Suppose q = 5*q, t = -4*q + 5. Give r(t).
-2
Let o(c) = -4*c**2 - c + 5. Let q(k) = 4*k**2 + k - 4. Suppose 24 = -5*r + r. Let p(h) = r*q(h) - 5*o(h). Determine p(-1).
-4
Let r(f) = -3*f - 4. Let c be r(-2). Let w(u) be the third derivative of 0*u - 1/3*u**3 + 0 - 2*u**c - 1/60*u**5 - 1/12*u**4. Calculate w(-2).
-2
Let x be -2 + -1 + 3 - -3. Let i(w) be the second derivative of 2*w + 2/3*w**x + 1/6*w**4 - 1/2*w**2 + 0. What is i(-3)?
5
Let p be (-26)/6 + (-2)/3. Let w(i) = -7*i + 4. Let o = 3 - 7. Let l(z) = 6*z - 3. Let u(j) = o*w(j) + p*l(j). Give u(-2).
3
Suppose -3*l = -2*l - 5. Suppose -2*j + 0*j = -10, l*j = -a + 28. Let s(x) = -x + 4 + 3*x**2 + 2*x**3 + x - 3*x**3. Calculate s(a).
4
Let f(u) be the second derivative of 0 + u - 1/12*u**4 + 0*u**2 + 5/6*u**3. Calculate f(4).
4
Let z(k) = -4*k - 1. Suppose 9*y - 5*y = -4. Give z(y).
3
Let i(p) be the second derivative of p**3/6 + p**2 - 2*p. Let y = -3 - -4. Let v = y - 5. Calculate i(v).
-2
Let f(p) = -p**2 + 2*p + 4. Let b be f(-2). Let c(q) be the third derivative of q**5/30 + q**4/4 + 2*q**3/3 + q**2. What is c(b)?
12
Let m(o) = o - 1. Let v(r) = 2*r**2 + 3*r - 15. Let c(q) = 6*m(q) - v(q). Let a(d) = -2*d**2 + 2*d + 8. Let n(u) = 6*a(u) - 5*c(u). Determine n(-3).
-6
Let o(h) = 1 - 6*h**3 + 4*h**3 + h**2 - 2*h**2 + 3*h**3. Suppose -2*f + 2 = -0*f. Give o(f).
1
Let k = 1 + 0. Let l(g) = 0 - 5*g + 1 - 13*g**2 - 4. Let b(v) = -4*v**2 - 2*v - 1. Let i(d) = 11*b(d) - 4*l(d). What is i(k)?
7
Let b(a) = -2*a + 5 - a**2 - 3 + 4*a. Determine b(-2).
-6
Let u(v) = -v + 4. Let z be u(0). Suppose 0 = z*y - 2*y + 8. Let d(f) = -2*f + 1. Determine d(y).
9
Suppose 5*y + 5*q + 0*q = 20, y - 4*q = -21. Let l(n) be the third derivative of 5*n**4/24 + n**3/6 - n**2. Determine l(y).
-4
Let o be 3/(-9) + (-16)/6. Let c(n) = -2*n - 6. Let l be c(-4). Let d(k) = 2*k**2 - 2*k - k - k**2 + k**3 + 2*k**l. What is d(o)?
9
Let d(v) be the second derivative of 2*v**3/3 + 46*v. Determine d(1).
4
Let q(p) = -2*p**3 + 3*p**2 - 2*p + 1. Suppose -2*r = 4 - 8. Determine q(r).
-7
Let d be (-1*14)/(-13 + 15). Let w(y) = -y**2 - 6*y. Determine w(d).
-7
Let j(b) = -b**3 + 5*b**2 + 6*b + 4. Let m = 12 - 6. Suppose -2*u - s - 14 = -5*u, -3*s + m = -u. What is j(u)?
4
Let f(a) = -a - 3. Let z(m) = -m**3 + 7*m**2 + 8*m + 5. Let d be z(8). What is f(d)?
-8
Let t be 3 - 2 - (-3 - -2). Let s(u) = -t*u**2 + u**2 + 2*u - 3*u. Calculate s(-1).
0
Suppose -q + 24 = 3*q. Suppose 5*r = -5*t, -t + 1 = -2*r + 13. Let h(b) = 7*b**2 + r - 8*b - 2 + 2 + 2 - b**3. Give h(q).
-6
Let l(k) be the third derivative of 1/12*k**5 + 0 + 0*k**4 + 1/3*k**3 - 2*k**2 - 1/40*k**6 + 0*k. Let n(v) = v**2 + 1. Let f(d) = l(d) - 3*n(d). Give f(-1).
4
Suppose k + 2 = 0, 4*z = 2*z - 5*k. Let q(d) be the third derivative of d**3 + 1/60*d**5 + 0 - 7/24*d**4 + 0*d + d**2. What is q(z)?
-4
Let z(s) = s**3 - 5*s**2 + 4*s + 3. Let x be z(4). Let r be 2 - (6/x + -3). Let t(d) = -d**3 + d**2 + 4*d - 2. Give t(r).
-8
Let s(l) be the third derivative of -l**4/12 + 7*l**2. Determine s(2).
-4
Let m(j) be the third derivative of j**4/24 - j**3/6 - 14*j**2. Suppose -t + 4 = -1. What is m(t)?
4
Let y(l) be the second derivative of -l**5/20 + 5*l**4/12 - l**3/6 + 2*l. Let s be 1 - (1 + -2) - -3. Determine y(s).
-5
Let x(q) = -q**2 - q. Suppose -4*n + 12 = -0*n. Suppose -2*s - 3*v = -11, -n*s + s + 3*v - 19 = 0. What is x(s)?
-2
Suppose -z + 2*z + 5 = 4*c, -3*z + 15 = 3*c. Let h(k) = 6*k**z + 2 - 8*k**3 - k + 3*k**3. Determine h(0).
2
Let c(n) = 2*n - 571 + 4*n + 571. Calculate c(-1).
-6
Let t(z) = 9*z**2 - z + 1. Let p(g) = g**2 - 5*g + 5. Let m be p(4). Give t(m).
9
Suppose -5*k = -3*o - 6, 4*o = 3*k - 2 + 5. Suppose z - i = 4*z - 5, -5*z = -k*i + 1. Suppose n = 2*n + z. Let c(a) = -11*a**3 - 2*a**2 - 2*a - 1. What is c(n)?
10
Suppose 0 = l + s - 4*s - 17, 3*l + 4*s + 1 = 0. Let v(m) be the third derivative of -m**6/120 + m**5/10 - m**4/6 + m**3/6 + 2*m**2. What is v(l)?
6
Let r(i) be the second derivative